{"id":82,"date":"2023-02-03T20:55:10","date_gmt":"2021-02-03T17:55:10","guid":{"rendered":"https:\/\/safirdemo.com\/atolye\/hakkimizda\/"},"modified":"2025-05-31T20:10:10","modified_gmt":"2025-05-31T17:10:10","slug":"hakkimizda","status":"publish","type":"page","link":"https:\/\/www.edremittarihi.com\/index.php\/hakkimizda\/","title":{"rendered":"Hakk\u0131m\u0131zda"},"content":{"rendered":"\n<figure class=\"wp-block-image size-full\"><img loading=\"lazy\" decoding=\"async\" width=\"570\" height=\"121\" src=\"https:\/\/www.edremittarihi.com\/wp-content\/uploads\/2025\/04\/logo1.webp\" alt=\"\" class=\"wp-image-1037\" srcset=\"https:\/\/www.edremittarihi.com\/wp-content\/uploads\/2025\/04\/logo1.webp 570w, https:\/\/www.edremittarihi.com\/wp-content\/uploads\/2025\/04\/logo1-300x64.webp 300w\" sizes=\"auto, (max-width: 570px) 100vw, 570px\" \/><\/figure>\n\n\n\n<p>Bal\u0131kesir\u2019in Edremit il\u00e7esi; tarihi ve k\u00fclt\u00fcrel miras\u0131yla zengin bir b\u00f6lgedir. Kazda\u011flar\u0131\u2019n\u0131n mistik havas\u0131, antik kentler, zeytin \u00fcretimi, yerel el sanatlar\u0131 gibi bir\u00e7ok k\u00fclt\u00fcrel de\u011fere ve tarihi mek\u00e2na ev sahipli\u011fi yapmaktad\u0131r.<\/p>\n\n\n\n<p>Bu projenin amac\u0131 Edremit tarihine ge\u00e7en m\u00fcstesna \u015fahsiyetleri, destans\u0131 hikayeleri, k\u00fclt\u00fcrel de\u011ferleri ara\u015ft\u0131r\u0131p Edremit ve Kazda\u011flar\u0131\u2019n\u0131 daha \u00f6nce ziyaret etmeyen ve b\u00f6lgemizin k\u00fclt\u00fcrel miras\u0131yla ilgili yeterli bilgiye sahip olmayan ki\u015filere Edremit\u2019in k\u00fclt\u00fcrel ve tarihi de\u011ferlerini \u00e7e\u015fitli y\u00f6nleriyle foto\u011fraflar ve videolarla tan\u0131tmakt\u0131r.<\/p>\n\n\n\n<p>Projemizin \u00f6nemli hedeflerinden birisi de do\u011fas\u0131 (deniz, da\u011f,dere vb.) ve termal turizm konusunda zengin kaynaklara ve g\u00fczelliklere sahip olan mavinin ve ye\u015filin bulu\u015ftu\u011fu Edremit\u2019imizi yurt i\u00e7i ve d\u0131\u015f\u0131nda daha bilinir hale getirmektir.<\/p>\n\n\n\n<p>Bu kutsal topraklar, ayn\u0131 zamanda do\u011fma b\u00fcy\u00fcme Edremitli olan ve bir d\u00f6nem bu b\u00f6lgede ya\u015fay\u0131p Edremit\u2019i hayat\u0131nda i\u00e7selle\u015ftiren \u015e\u00fckr\u00fc Tunar\u2019dan Sabahattin Ali\u2019ye Tuncel Kurtiz\u2019den Ali Ekber \u00c7i\u00e7ek\u2019e kadar b\u00fcy\u00fck yazarlar, \u015fairler, ressamlar ve m\u00fczisyenler yeti\u015ftirmi\u015ftir.<\/p>\n\n\n\n<p>Edremit, Kuvay\u2019i Milliye Te\u015fkilat\u0131 ve Kaymakam \u015eehit Hamdi Bey ba\u015fta olmak \u00fczere vatansever halk\u0131n verdi\u011fi destans\u0131 m\u00fccadele ile Kurtulu\u015f Sava\u015f\u0131\u2019m\u0131za b\u00fcy\u00fck katk\u0131 vermi\u015ftir.<\/p>\n\n\n\n<p>Proje ekibimizin yapm\u0131\u015f oldu\u011fu edremittarihi.com isimli web sitesi ile ge\u00e7mi\u015fi gelecekle bulu\u015fturma gayesiyle b\u00f6lgemizde yap\u0131lan veya yap\u0131lacak etkinlikleri ve duyurular\u0131 yerel halk\u0131m\u0131za bilgilendirmeyi ama\u00e7 edinmi\u015ftir. Web sitemizde a\u00e7t\u0131\u011f\u0131m\u0131z ileti\u015fim sayfas\u0131 sayesinde sitemizi ziyaret eden ki\u015filerin \u00f6neri, ele\u015ftiri ve d\u00fczeltme gibi iletilerle kar\u015f\u0131l\u0131kl\u0131 etkile\u015fimin y\u00fcksek olmas\u0131n\u0131 dilemekteyiz.<\/p>\n\n\n\n<p>Tabiki bu kadar zengin k\u00fclt\u00fcrel ve do\u011fal g\u00fczelliklere sahip olan Edremit\u2019imizi anlatmak sayfalara s\u0131\u011fd\u0131r\u0131lamaz. Biz proje ekibi olarak, okulumuzda &#8220;Edremit\u2019in K\u00fclt\u00fcrel Zenginlikleri&#8221; isimli bir kul\u00fcp kurarak \u00e7al\u0131\u015fma ve ara\u015ft\u0131rmalar\u0131m\u0131z\u0131 devam ettirece\u011fiz. Edremit\u2019imizi A\u2019dan Z\u2019ye tan\u0131tacak g\u00fcncel, zengin bir kaynak kitap yapma yolunda \u00e7al\u0131\u015fmalar\u0131m\u0131z\u0131 s\u00fcrd\u00fcrece\u011fiz.<\/p>\n\n\n<div class=\"singleHeading\">\n\t<div class=\"inner\">\n\t\t\t\t<div class=\"text\">Hedefimiz<\/div>\n\t<\/div>\n<\/div>\n\n\n<div class=\"safir-list\" data-col=\"1\"><ul class=\"wp-block-list\">\n<li>Kazda\u011flar\u0131&#8217;n\u0131n mitolojik, tarihi ve k\u00fclt\u00fcrel ba\u011flamda derinlemesine anla\u015f\u0131lmas\u0131.<\/li>\n\n\n\n<li>Yerel halk\u0131n Kazda\u011flar\u0131 ile olan ili\u015fkisini ve halk k\u00fclt\u00fcr\u00fcndeki yerini ayd\u0131nlatmak.<\/li>\n\n\n\n<li>Kazda\u011flar\u0131\u2019n\u0131n do\u011fal miras\u0131 ve ekosistemi ile ilgili fark\u0131ndal\u0131k yaratmak.<\/li>\n\n\n\n<li>K\u00fclt\u00fcrel miras\u0131 koruma stratejileri geli\u015ftirmek, s\u00fcrd\u00fcr\u00fclebilir turizm i\u00e7in \u00f6nerilerde bulunmak.<\/li>\n\n\n\n<li>E\u011fitim programlar\u0131 ve k\u00fclt\u00fcrel etkinliklerle b\u00f6lgenin k\u00fclt\u00fcrel miras\u0131n\u0131n sahiplenilmesini sa\u011flamak.<\/li>\n\n\n\n<li>Kazda\u011flar\u0131\u2019n\u0131n k\u00fclt\u00fcrel miras\u0131yla ilgili bilimsel ve halkla payla\u015f\u0131lan kaynaklar \u00fcretmek.<\/li>\n\n\n\n<li>Kazda\u011flar\u0131\u2019n\u0131n k\u00fclt\u00fcrel miras\u0131n\u0131n ulusal ve uluslararas\u0131 d\u00fczeyde tan\u0131t\u0131lmas\u0131.<\/li>\n<\/ul><\/div>\n\n\n\n<p>Bu sonu\u00e7lar, Kazda\u011flar\u0131\u2019n\u0131n k\u00fclt\u00fcrel miras\u0131n\u0131n hem yerel halk hem de geni\u015f bir kitle taraf\u0131ndan anla\u015f\u0131lmas\u0131na, korunmas\u0131na ve gelecek nesillere aktar\u0131lmas\u0131na \u00f6nemli bir katk\u0131 sa\u011flayacakt\u0131r.<br>Ayn\u0131 zamanda s\u00fcrd\u00fcr\u00fclebilir kalk\u0131nma, turizm ve yerel halk\u0131n kat\u0131l\u0131m\u0131 gibi unsurlarla b\u00f6lgeye katk\u0131 sa\u011flayacak \u00e7\u00f6z\u00fcmler geli\u015ftirilmesi hedeflenmektedir. Bu proje, hem yerel hem de ulusal d\u00fczeyde fark\u0131ndal\u0131k yaratmak i\u00e7in g\u00fc\u00e7l\u00fc bir temel olu\u015fturabilir.<\/p>\n\n\n\n<p><\/p>\n","protected":false},"excerpt":{"rendered":"<p>Bal\u0131kesir\u2019in Edremit il\u00e7esi; tarihi ve k\u00fclt\u00fcrel miras\u0131yla zengin bir b\u00f6lgedir. Kazda\u011flar\u0131\u2019n\u0131n mistik havas\u0131, antik kentler, zeytin \u00fcretimi, yerel el sanatlar\u0131 gibi bir\u00e7ok k\u00fclt\u00fcrel de\u011fere ve tarihi mek\u00e2na ev sahipli\u011fi yapmaktad\u0131r. Bu projenin amac\u0131 Edremit tarihine ge\u00e7en m\u00fcstesna \u015fahsiyetleri, destans\u0131 hikayeleri, k\u00fclt\u00fcrel de\u011ferleri ara\u015ft\u0131r\u0131p Edremit ve Kazda\u011flar\u0131\u2019n\u0131 daha \u00f6nce ziyaret etmeyen ve b\u00f6lgemizin k\u00fclt\u00fcrel miras\u0131yla ilgili [&hellip;]<\/p>\n","protected":false},"author":1,"featured_media":969,"parent":0,"menu_order":0,"comment_status":"closed","ping_status":"closed","template":"","meta":{"footnotes":""},"class_list":["post-82","page","type-page","status-publish","has-post-thumbnail","hentry"],"_links":{"self":[{"href":"https:\/\/www.edremittarihi.com\/index.php\/wp-json\/wp\/v2\/pages\/82","targetHints":{"allow":["GET"]}}],"collection":[{"href":"https:\/\/www.edremittarihi.com\/index.php\/wp-json\/wp\/v2\/pages"}],"about":[{"href":"https:\/\/www.edremittarihi.com\/index.php\/wp-json\/wp\/v2\/types\/page"}],"author":[{"embeddable":true,"href":"https:\/\/www.edremittarihi.com\/index.php\/wp-json\/wp\/v2\/users\/1"}],"replies":[{"embeddable":true,"href":"https:\/\/www.edremittarihi.com\/index.php\/wp-json\/wp\/v2\/comments?post=82"}],"version-history":[{"count":30,"href":"https:\/\/www.edremittarihi.com\/index.php\/wp-json\/wp\/v2\/pages\/82\/revisions"}],"predecessor-version":[{"id":1371,"href":"https:\/\/www.edremittarihi.com\/index.php\/wp-json\/wp\/v2\/pages\/82\/revisions\/1371"}],"wp:featuredmedia":[{"embeddable":true,"href":"https:\/\/www.edremittarihi.com\/index.php\/wp-json\/wp\/v2\/media\/969"}],"wp:attachment":[{"href":"https:\/\/www.edremittarihi.com\/index.php\/wp-json\/wp\/v2\/media?parent=82"}],"curies":[{"name":"wp","href":"https:\/\/api.w.org\/{rel}","templated":true}]}}